. Is b(l) composite?
True
Let p(z) = -104 - z + 8*z**2 + 81 - z**2. Is p(6) a prime number?
True
Let p(d) = d + 12. Let f be p(-9). Suppose -20 = -h + f*v, -2*h + 5*v = 9 - 45. Is 18271/44 - 2/h prime?
False
Let o be 2/(-2)*(-8 + -79). Suppose -5*h + o = -168. Is h composite?
True
Let d(j) = j**3 - 8*j**2 + 9*j + 4. Let r be d(8). Suppose r = -g - 69. Let l = -92 - g. Is l a prime number?
True
Let v be (0/(-2))/(4 - 5). Suppose v = -3*a - 3*a. Suppose a = u + 2*u - 153. Is u composite?
True
Let l(w) = -w**2 - 6*w - 5. Let d be l(-5). Suppose q = -t - d + 1, 3 = -5*t + 3*q. Suppose o + 0*o - 65 = t. Is o a prime number?
False
Is (9/(-3))/((-75)/27875) composite?
True
Suppose -a - a - 144 = 0. Is -1*1/6 - 53652/a prime?
False
Let f(j) = j**3 + j**2 - 6*j. Let x be f(-3). Is (-8169)/(-9) - (6/9 + x) prime?
True
Let p be -2 + (2 - -1) + (28 - 0). Suppose 26*j - p*j = -7677. Is j composite?
True
Let v = -609 - -605. Let p = -1 + 0. Is (v - p - -2)*-58 composite?
True
Is ((-47176)/(-16))/((-1)/(-2)) a prime number?
True
Let t = 2 - -1. Suppose 1147 + 131 = t*g. Suppose -4*x = 2*z - g - 200, -z + x = -322. Is z composite?
True
Let f be -1*(6 + -3 + -8). Suppose 4*q - g - 1555 = 0, 0*q - q = f*g - 394. Is q a composite number?
False
Let v(k) = -k**3 - 6*k**2 - 4*k + 5. Let z be v(-5). Let g be 1*(z - 1)*-1. Let c(b) = 30*b**2 + 2*b - 1. Is c(g) a composite number?
False
Let t(z) = z**3 - 5*z**2 - 7*z + 13. Let h(r) = 2*r**3 - 9*r**2 - 13*r + 26. Let j(f) = -3*h(f) + 7*t(f). Let c = -344 + 354. Is j(c) a prime number?
True
Let d = -1765 + 2547. Suppose -784 = -g + 3*w, g - 13*w + 8*w = d. Is g composite?
False
Let k(l) = 6*l**2 - 14*l + 1. Let d = 48 - 37. Is k(d) a prime number?
False
Suppose 0 = -0*v + v - 3*f - 8, v - 4*f - 10 = 0. Suppose 3411 = 11*u - v*u. Is u composite?
False
Suppose 4*s + 5524 = 4*l, -s = l + 2*s - 1381. Is l a composite number?
False
Let r = -33 + 61. Suppose -v + 6 = q, r = 3*q + 2*v - v. Suppose 3*h + q = d, -4*h = -d - 0*h + 11. Is d prime?
True
Let b(p) = -349*p**2 + 2*p + 3. Let m be b(-1). Let u = 509 + m. Is u a prime number?
False
Let p(a) be the second derivative of 47*a**4/3 + a**3/3 + a**2/2 - a. Let q be 6/(-12) + (15/(-10))/3. Is p(q) a composite number?
True
Suppose -4*h - b - b = -6, 2*h - 3*b = 15. Is (-34)/((2*-4)/2 + h) prime?
False
Let a(s) = -s**3 + 13*s**2 + 44*s + 11. Is a(-21) a composite number?
False
Suppose 38*j - 37*j = 127637. Is j composite?
False
Let z(l) = 2*l + 13. Let y be z(-9). Let k be -3*((-1 - y) + -2). Is (-536)/k*12/8 a prime number?
False
Let u(j) = 39*j**2 + 22*j + 49. Is u(-12) composite?
True
Let u(k) be the second derivative of k**5/20 - 2*k**3/3 + 685*k**2/2 + 49*k. Is u(0) composite?
True
Suppose 0 = -5*u - 25 - 20. Let o(j) = 7*j**2 - j - 19. Is o(u) composite?
False
Suppose 0 = 75*l - 71*l + 5*w - 30438, 3*l = 4*w + 22813. Is l a composite number?
False
Is 1/((-4)/(-186902)) - (-20)/(-8) composite?
False
Suppose 2*j + l - 3911 = 1035, -2*j + l = -4946. Is j a prime number?
True
Let m be (-5 - -4 - 2) + 6. Suppose 90 = m*z - 39. Is z prime?
True
Let t(x) = 3*x + 0 + 4*x - 5*x + 1. Let s be t(1). Is s/((-12)/8) + 89 prime?
False
Is (-6)/(-15) + (-187090)/(-25) + -1 a prime number?
False
Suppose 181*a = 169*a + 26148. Is a composite?
False
Let l = 26 + -14. Is (-535)/(-4) - (-3)/l a composite number?
True
Suppose 5*q - 738 = 3*q. Suppose q = -5*j + 1184. Suppose -4*r + j = 5*n, -32 = 2*n - 5*r - 84. Is n prime?
True
Suppose -195*m - 20108 = -217*m. Is m prime?
False
Let j(t) = 18*t**2 - 70*t + 3. Let w be j(4). Suppose 3*s - 5*s + 692 = 0. Is w + -10 - -1*s prime?
True
Let c = -8569 + 14556. Is c a composite number?
False
Suppose 11 = 5*o - 4. Suppose -o*r + 844 = r. Is r a prime number?
True
Let p = -1131 - -1318. Is p composite?
True
Let m(x) = -x**2 - x - 4. Let d be m(0). Let y = d + 3. Is 14*y/4*-22 prime?
False
Is ((-533)/(-82))/((-3)/(-1614)) composite?
True
Let z = 23 + -5. Let c be z/4*(-12)/(-18). Suppose -c*i - 4*n = -617, 4*i - 3*i - 3*n - 223 = 0. Is i a prime number?
True
Let j(c) = 74*c**3 + c**2 + c - 2. Let y be j(2). Is y + 12/(-8)*4/(-2) composite?
False
Let v = 5745 - 2459. Let a = -1995 + v. Is a a composite number?
False
Suppose 4*u - 1880 - 20244 = 0. Is u a composite number?
False
Let b = 41 + -37. Suppose -3612 = -k - 2*s + 3*s, -b*s - 10841 = -3*k. Is k a prime number?
True
Let i(j) be the second derivative of j**5/20 - j**4/2 + j**2 + 5*j. Let f be i(6). Suppose -f*p + 5*x = -220, 132 = p + 2*x + 13. Is p prime?
False
Let i be ((-8)/24)/(2/(-12)). Suppose -2*y + i*p = y - 137, -3*y + 157 = 2*p. Suppose 5*t - 2*x - 950 = -y, -4*x = 4*t - 732. Is t a prime number?
True
Let x = 27 - 43. Let w be ((-12)/x)/(-3)*-4. Is -17*w*(1 - 4) a composite number?
True
Let b(k) = -17*k - 31. Let t(a) = -8*a - 15. Let x(f) = 3*b(f) - 5*t(f). Is x(-25) a prime number?
True
Let t = -967 - -1802. Is t prime?
False
Is 75/(-30) + 11735/10 a composite number?
False
Let w be (-4)/(-2) - (-4 + 8)*-1. Is w/2 + 72/4 composite?
True
Let f = -6861 + 12063. Suppose -o + 2*o = 5*g - 8668, f = 3*g - o. Is g composite?
False
Let q be 3 + -1357 + (-2 - 2). Let m = q - -2651. Is m composite?
True
Let j = -15205 + 22422. Is j prime?
False
Suppose 2*s + 2*o = 1770, -s = s - o - 1776. Is s prime?
True
Let h = -1691 + 4396. Is h composite?
True
Let f be 11/(-22)*(77 - 1). Let l = f + 276. Suppose -4*g + l = -2*g. Is g a prime number?
False
Let p(r) = r**3 - 9*r**2 - 10*r - 5. Suppose w - 11 = -5. Let q be (6/4)/(w/44). Is p(q) prime?
True
Is (-79203)/204*-4*1 prime?
True
Suppose b + 1 = 5. Is b - (311 - 5)*(-10)/4 a composite number?
False
Suppose -2*b = -4*m - 0*b - 10, -2*b = m. Let n(p) = -24*p**3 + p**2 + 2*p + 3. Let g be n(m). Let l = -56 + g. Is l prime?
True
Let w = 891 + -1778. Let h = w - -1425. Is h composite?
True
Suppose 5*c - 3*p - 3562 = 0, -4*p + 1951 - 547 = 2*c. Suppose 0 = -22*s + 27*s - c. Is s composite?
True
Let s(j) = 28*j**2 - 48*j - 209. Is s(-6) a prime number?
True
Let y(m) = 7053*m**2 + 4*m + 2. Is y(-1) composite?
True
Suppose 9*n - 487107 = -18*n. Is n a prime number?
True
Let v be (-224)/24 - 4/6. Let w be (-75)/v*(-6)/(-9). Suppose -160 = -2*s - 2*d - 44, 0 = -3*s - w*d + 176. Is s a prime number?
False
Suppose -16*y + 8*y + 47352 = 0. Is y a prime number?
False
Suppose 0 = 21*j + 95758 - 463657. Is j composite?
False
Suppose -352*z + 343*z + 23697 = 0. Is z prime?
True
Let q(a) = a**3 - 6*a**2 + 4*a + 2. Let h be q(5). Let g be (h + 6)*(-1)/(-3). Let y(x) = 76*x - 2. Is y(g) a prime number?
False
Is (-1)/(-12) - (-71099)/588 a prime number?
False
Let d(r) = -78*r**3 + r**2 + 2*r + 1. Let v = -3 + 2. Let x be d(v). Let y = 111 - x. Is y composite?
True
Suppose -11089 = -7*s + 97726. Suppose -s = 7*f - 12*f. Is f prime?
True
Suppose -y = 2*v - 0*y + 54, v - 2*y + 37 = 0. Let j = v - -46. Suppose z = w + 2*w - 28, -z + j = 2*w. Is w prime?
False
Suppose -6*g = -17446 + 1972. Is g prime?
True
Suppose 4*c + 5*p - 43612 = 0, 0 = c + c + p - 21806. Is c composite?
False
Is (600/80)/((9/(-11246))/(-3)) a composite number?
True
Suppose 2*u + 2*o - 18 = 0, 4*u - 3*o + 1 = 2. Suppose u*p + 26 = 5*p. Is p a composite number?
True
Suppose 29*u - 111097 = 22*u. Is u prime?
False
Is (-4 + (3 - 5) - -17)*1277 prime?
False
Let y(n) be the first derivative of n**3/3 - n**2/2 + 7*n - 2. Suppose 3*p - 1 = 17. Is y(p) a composite number?
False
Let o be 2/(-6)*(1 + -13). Suppose o*l + a = 3*l + 373, -2*l = 3*a - 742. Is l a composite number?
True
Let b(j) = 2*j**2 + 332*j**3 + 7 - 2*j - 165*j**3 - 125*j**3. Is b(4) composite?
False
Is 224849/59 - 4/(4 + -2) prime?
False
Let v = -88 - -3298. Suppose -2*g = -8*g + v. Is g a prime number?
False
Let g = -2143 + 4195. Suppose 2*a - g = j, 2*a - 3067 = -a - 4*j. Suppose s + 4*s = a. Is s composite?
True
Suppose 3*d - 47179 = -4*j, 5*d + 35353 = 3*j + d. Is j a composite number?
True
Suppose 107*i - 239504 = 91*i. Is i a composite number?
False
Is (-9)/9*(-146709)/9 composite?
False
Let s(k) be the second derivative of 9*k**5/20 - k**4/3 + k**3/3 - k**2 - 27*k. Is s(3) a prime number?
True
Let t = -18630 + 50507. Is t prime?
False
Let s = 1351 + -156. Is s composite?
True
Let g(n) = n - 11. Let i be g(11). Let b be i + (-3 - -5) + 0. L